 60495?
3, 5, 37, 109
List the prime factors of 6800134.
2, 11, 23, 89, 151
List the prime factors of 2715576.
2, 3, 113149
What are the prime factors of 265353?
3, 11, 17, 43
List the prime factors of 681023.
7, 271, 359
What are the prime factors of 230082?
2, 3, 31, 1237
What are the prime factors of 7012909?
79, 88771
What are the prime factors of 475948?
2, 11, 29, 373
List the prime factors of 328085.
5, 65617
List the prime factors of 2095139.
23, 71, 1283
List the prime factors of 145841.
29, 47, 107
List the prime factors of 4149379.
13, 319183
List the prime factors of 1788650.
2, 5, 83, 431
List the prime factors of 2341379.
2341379
List the prime factors of 523104.
2, 3, 5449
List the prime factors of 66157.
7, 13, 727
What are the prime factors of 197296?
2, 11, 19, 59
List the prime factors of 108326.
2, 54163
List the prime factors of 9409349.
1187, 7927
What are the prime factors of 9086967?
3, 73, 13831
What are the prime factors of 2394755?
5, 11, 43541
List the prime factors of 16049749.
37, 433777
What are the prime factors of 50054?
2, 29, 863
List the prime factors of 10326118.
2, 11, 469369
List the prime factors of 11527022.
2, 13, 443347
What are the prime factors of 1865979?
3, 207331
What are the prime factors of 1911581?
7, 273083
List the prime factors of 10188222.
2, 3, 11, 29, 5323
What are the prime factors of 19492100?
2, 5, 19, 10259
List the prime factors of 1040271.
3, 131, 2647
List the prime factors of 3380993.
7, 11, 19, 2311
What are the prime factors of 3011875?
5, 61, 79
List the prime factors of 2676454.
2, 11, 19, 337
List the prime factors of 6517522.
2, 11, 296251
What are the prime factors of 505446?
2, 3, 61, 1381
What are the prime factors of 4420216?
2, 552527
What are the prime factors of 4145714?
2, 701, 2957
What are the prime factors of 708505?
5, 7, 31, 653
What are the prime factors of 396924?
2, 3, 11, 31, 97
List the prime factors of 166633.
281, 593
List the prime factors of 5384537.
5384537
What are the prime factors of 84409?
13, 43, 151
What are the prime factors of 11829249?
3, 1314361
List the prime factors of 1674748.
2, 71, 5897
What are the prime factors of 214948?
2, 17, 29, 109
List the prime factors of 82459.
13, 6343
What are the prime factors of 5423649?
3, 7, 11, 53, 443
List the prime factors of 315138.
2, 3, 53, 991
What are the prime factors of 240115?
5, 48023
List the prime factors of 184617.
3, 73, 281
What are the prime factors of 302529?
3, 31, 3253
What are the prime factors of 2588130?
2, 3, 5, 149, 193
List the prime factors of 2068433.
211, 9803
What are the prime factors of 291747?
3, 79, 1231
What are the prime factors of 3248057?
607, 5351
List the prime factors of 199046.
2, 99523
What are the prime factors of 21907615?
5, 23, 29, 6569
List the prime factors of 35324.
2, 8831
What are the prime factors of 286282?
2, 143141
What are the prime factors of 661612?
2, 7, 23629
List the prime factors of 6996099.
3, 11, 19273
What are the prime factors of 679995?
3, 5, 23, 73
List the prime factors of 17649065.
5, 7, 41, 251
List the prime factors of 1306086.
2, 3, 217681
List the prime factors of 39972112.
2, 43, 58099
What are the prime factors of 21550107?
3, 251, 28619
What are the prime factors of 406602?
2, 3, 7, 461
What are the prime factors of 11105274?
2, 3, 23, 80473
What are the prime factors of 2083318?
2, 149, 6991
What are the prime factors of 5712439?
59, 96821
What are the prime factors of 271198?
2, 135599
What are the prime factors of 5396933?
5396933
What are the prime factors of 8921967?
3, 53, 56113
What are the prime factors of 287460?
2, 3, 5, 1597
List the prime factors of 728361.
3, 80929
What are the prime factors of 10267425?
3, 5, 7, 41, 53
List the prime factors of 241423.
7, 13, 379
List the prime factors of 106872.
2, 3, 61, 73
List the prime factors of 303397.
31, 9787
What are the prime factors of 352297?
11, 32027
List the prime factors of 1199328.
2, 3, 13, 31
What are the prime factors of 179569?
13, 19, 727
What are the prime factors of 2391945?
3, 5, 159463
List the prime factors of 435119.
19, 22901
List the prime factors of 10798465.
5, 811, 2663
What are the prime factors of 71435?
5, 7, 13, 157
List the prime factors of 529586.
2, 264793
List the prime factors of 126287.
7, 18041
List the prime factors of 86173.
17, 37, 137
List the prime factors of 10287836.
2, 13, 43, 107
List the prime factors of 2965712.
2, 23, 8059
List the prime factors of 275107.
7, 39301
List the prime factors of 2487008.
2, 77719
What are the prime factors of 1166433?
3, 293, 1327
What are the prime factors of 132749?
132749
What are the prime factors of 206670?
2, 3, 5, 83
What are the prime factors of 4164158?
2, 2082079
List the prime factors of 386364.
2, 3, 11, 2927
What are the prime factors of 242875?
5, 29, 67
List the prime factors of 2675783.
11, 17, 41, 349
List the prime factors of 257932.
2, 64483
What are the prime factors of 3049732?
2, 7, 17, 43, 149
What are the prime factors of 57074?
2, 28537
List the prime factors of 229453.
7, 32779
List the prime factors of 3875036.
2, 11, 88069
List the prime factors of 2080766.
2, 17, 19, 3221
List the prime factors of 836293.
701, 1193
List the prime factors of 239205.
3, 5, 37, 431
What are the prime factors of 14763411?
3, 13, 42061
List the prime factors of 236240.
2, 5, 2953
What are the prime factors of 313511?
11, 2591
What are the prime factors of 16375245?
3, 5, 19, 57457
List the prime factors of 6183983.
13, 475691
What are the prime factors of 55233?
3, 17, 19
List the prime factors of 12621160.
2, 5, 315529
What are the prime factors of 201225?
3, 5, 2683
What are the prime factors of 613983?
3, 103, 1987
List the prime factors of 8236063.
11, 19, 157, 251
What are the prime factors of 706950?
2, 3, 5, 1571
List the prime factors of 798364.
2, 7, 28513
What are the prime factors of 994557?
3, 331519
List the prime factors of 245387.
23, 47, 227
What are the prime factors of 479281?
11, 17, 233
What are the prime factors of 21431769?
3, 37, 53, 3643
What are the prime factors of 1846339?
11, 15259
What are the prime factors of 195041?
7, 11, 17, 149
What are the prime factors of 3216648?
2, 3, 101, 1327
List the prime factors of 1731392.
2, 13, 2081
List the prime factors of 53285.
5, 10657
What are the prime factors of 1915702?
2, 957851
List the prime factors of 1064909.
29, 36721
What are the prime factors of 1747368?
2, 3, 7, 3467
List the prime factors of 741259.
151, 4909
List the prime factors of 144780.
2, 3, 5, 19, 127
What are the prime factors of 453364?
2, 113341
List the prime factors of 4685894.
2, 19, 317, 389
What are the prime factors of 320630?
2, 5, 32063
List the prime factors of 5619477.
3, 1873159
List the prime factors of 2736738.
2, 3, 152041
List the prime factors of 264322.
2, 283, 467
List the prime factors of 53882.
2, 29, 929
List the prime factors of 1050953.
41, 25633
List the prime factors of 1863937.
31, 60127
List the prime factors of 401162.
2, 79, 2539
What are the prime factors of 2324811?
3, 709, 1093
List the prime factors of 1325775.
3, 5, 11, 1607
What are the prime factors of 2179876?
2, 17, 32057
What are the prime factors of 1509?
3, 503
What are the prime factors of 154610?
2, 5, 15461
What are the prime factors of 300680?
2, 5, 7517
What are the prime factors of 716130?
2, 3, 5, 73, 109
What are the prime factors of 446385?
3, 5, 29759
List the prime factors of 906962.
2, 7, 64783
What are the prime factors of 587603?
587603
What are the prime factors of 1915935?
3, 5, 7, 71, 257
List the prime factors of 7101831.
3, 11, 307, 701
What are the prime factors of 138606?
2, 3, 13, 1777
List the prime factors of 13707852.
2, 3, 1142321
What are the prime factors of 257172?
2, 3, 29, 739
What are the prime factors of 391412?
2, 7, 1997
List the prime factors of 24042580.
2, 5, 1202129
List the prime factors of 197197.
7, 11, 13, 197
List the prime factors of 290822.
2, 7, 20773
List the prime factors of 172196.
2, 43049
List the prime factors of 290390.
2, 5, 71, 409
What are the prime factors of 261318?
2, 3, 97, 449
What are the prime factors of 230616?
2, 3, 3203
List the prime factors of 1413875.
5, 11311
What are the prime fact